be 65 + -1 - (-1 + 18/(-6)). Let z be 12/(-18) + (-10)/3. What is the units digit of (65/(-20) - z)*i?
1
Suppose 3*n - l - 8295 = -2692, l + 1869 = n. Suppose 201 = 4*h - n. What is the units digit of h?
7
Let h = -176 + 170. What is the tens digit of (h/6)/(2/(-652))?
2
Let p(k) = 304*k + 882. What is the thousands digit of p(16)?
5
Suppose -85668 = -5*g + 4*k, -4*g = -3*k - 27078 - 41456. What is the tens digit of g?
3
Suppose -5*l = 2*b - 124564, -10994 = -2*l - 5*b + 38840. What is the thousands digit of l?
4
Let d(f) = -f**3 - 28*f**2 + 29*f + 5. Let x be d(-29). Suppose -191 = x*i - 881. What is the tens digit of i?
3
Let v be (-204)/(-15) - 4*(-3)/30. Let h(o) = 4 - v + 942*o - 888*o. What is the tens digit of h(2)?
9
Let y(t) = -6*t + 23. Let f be y(3). Suppose -f*i + i + 12 = 0, 665 = 2*m + 3*i. What is the hundreds digit of m?
3
What is the hundreds digit of (40/(-32))/((-7)/243768)?
5
Suppose 0 = x - 27 + 50. Let a(o) = o**3 + 25*o**2 + 17*o - 83. What is the hundreds digit of a(x)?
5
Let c(q) = -17*q**2 + 6*q + 89. Let h(a) = 12*a**2 - 4*a - 60. Let g(v) = 5*c(v) + 8*h(v). What is the units digit of g(8)?
3
Let j(w) be the first derivative of -4*w**4 - 4*w**3/3 - 7*w**2/2 + w + 43. What is the tens digit of j(-2)?
2
Suppose -2*r = -5*i - 559, 0 = 6*i - 4*i - 2*r + 226. What is the tens digit of 6434/4 + i/222?
0
Let a(h) = -h**2 + 2*h. Let t be a(2). Let j be (-1)/9 - ((-3184)/144 - -22). Suppose -4*f + 20 = -t*f, -4*d + 2*f + 606 = j. What is the hundreds digit of d?
1
Let t be -6 + 7 - (2 - 5). Suppose -3*c - u - u = -1114, -t*c = -4*u - 1472. What is the units digit of c?
0
Suppose -32*a = -60*a + 3976. What is the hundreds digit of a/1 - 4 - (0 - -3)?
1
Let l(n) = 126*n**2 + 6*n + 4. Let k = -24 + 22. What is the hundreds digit of l(k)?
4
Suppose -3*b - x = 2*x + 21, 5*b + 4*x = -40. Let y be ((-63)/b)/((-5)/(-120)*1). Suppose -120*d + y = -118*d. What is the tens digit of d?
6
Suppose 52*d - 1205109 = 17*d - 38279. What is the tens digit of d?
3
Suppose -12 = 19*v + 273. What is the units digit of 55572/165 + ((-48)/v)/(-4)?
6
Let u(k) = -17*k + 19. Let t = -23 + 13. Let q be u(t). Let m = -68 + q. What is the hundreds digit of m?
1
Let k be -1 - 1 - (7 - 5). Let z(n) = n**3 + 5*n**2 + 5*n + 9. Let u be z(k). Suppose u*x = -2*b + 267, -x - b - 24 + 78 = 0. What is the tens digit of x?
5
Let x = 125 + -119. Let w(t) = -t**3 + 10*t**2 + 3*t + 19. What is the tens digit of w(x)?
8
What is the units digit of 2 + (-20)/3*(9 - 186372/48)?
7
Let t(v) be the third derivative of v**6/120 + 13*v**5/60 - 19*v**4/24 - 9*v**3/2 + 4*v**2 - 9. What is the hundreds digit of t(-10)?
4
Let z(i) = 416*i + 449. What is the thousands digit of z(5)?
2
Suppose -5*g = -5*l - 45, 5*g + 13 + 12 = -5*l. Let u(y) = -21*y - 94. What is the units digit of u(l)?
3
Suppose 0 = -27*y - 5*y - 0*y + 1026528. What is the thousands digit of y?
2
Suppose 0 = 3*w - 3*n - 33, -8*n + 3*n = -4*w + 47. Suppose -2 = 2*f - w. Suppose 2*j + 58 = f*j. What is the tens digit of j?
5
Suppose 13357 - 1137 = 5*r. Suppose 0 = 4*t - 4*j - r, -4*t + t - j + 1813 = 0. What is the tens digit of t?
0
Let g(a) be the third derivative of -a**5/30 - 7*a**4/6 + 7*a**3/3 - 2*a**2. Suppose 5*b = 10, -18*w = -20*w - 4*b - 18. What is the tens digit of g(w)?
4
Let w(j) = 101*j - 1699. What is the tens digit of w(53)?
5
Suppose 817693 - 387995 = 31*c - 1404758. What is the tens digit of c?
7
Suppose 5*i - 5 = 60. Suppose -3*u - 9 = -4*j, 2*u + i + 0 = 5*j. What is the tens digit of (3 + 0)*13/j?
1
Let v(y) = 27 - 2*y**2 - y + 31 - 88 - 608*y**3 + 31. What is the hundreds digit of v(-1)?
6
Let x(w) = 3552*w + 545. What is the units digit of x(2)?
9
Suppose 0 = -2*p - 20*p + 2310. Let s be -1 + 27 + (18 - 16). Let d = p - s. What is the tens digit of d?
7
Suppose -8*j = -2471 - 30881. What is the units digit of j?
9
Let r(g) = 502*g**2 - 427*g + 19. What is the hundreds digit of r(7)?
6
Suppose 3*s + 9 = -0, 0 = -4*h - 3*s + 7. Suppose h*t = 5*t + 44. What is the units digit of -4*(-5)/((-80)/t)?
1
Let m(v) = -v**2 + 19*v + 1307. What is the hundreds digit of m(0)?
3
Let q be 0 - ((-1340)/(-6))/(5 - (-13)/(-3)). Let o = 771 - 287. Let m = o + q. What is the tens digit of m?
4
Suppose -4*y + 291750 = 2*w, -5*y - 2*w = 2*w - 364683. Suppose 2*x = 43*x - y. What is the units digit of x?
9
Suppose -21622 = -10*t - 9382. What is the hundreds digit of t?
2
Suppose 14173 = 5*j - 3*t - 6864, 0 = 5*j + t - 21021. What is the hundreds digit of j?
2
Let u(q) = 4*q**2 - 8*q - 13. Let w be u(-2). Suppose -w*r + 26*r - 7070 = 0. What is the hundreds digit of r?
0
Suppose -72*x + 22155 = -1331724 - 1430793. What is the ten thousands digit of x?
3
Suppose 274*v - k = 273*v + 1, -5*k = 4*v - 49. Let y(p) be the second derivative of 4*p**3/3 - 5*p**2 + p. What is the units digit of y(v)?
8
Let d(a) = -a**2 + 27*a - 5. Let m be d(27). What is the tens digit of ((-120)/(-50))/3 + (-621)/m?
2
What is the tens digit of (-162)/(-3321) + 3404093/287?
6
Suppose -16 = -4*h - 4. Suppose -h*x + 117 = -201. Let p = x + -19. What is the units digit of p?
7
Suppose 3*t + 5*u - 79303 = -17772, 4*u - 61532 = -3*t. What is the tens digit of t?
1
Suppose -47*d + 59*d = 43692. Let n = d + -1911. What is the units digit of n?
0
Let a(c) be the second derivative of 0 + 11/2*c**3 - 12*c**2 - 1/20*c**5 + 23/12*c**4 - 16*c. What is the units digit of a(24)?
2
Let r be (-8)/3 + (-2)/(-3). Let q be (-178 + 183)*66/10. Let l = q + r. What is the tens digit of l?
3
Let k = 13769 - 7675. What is the hundreds digit of k?
0
Let u = 11449 - 3780. What is the tens digit of u?
6
Let o(v) = 1020*v**2 - 20*v - 180. What is the ten thousands digit of o(-7)?
4
Let o be -6 + (1 + -1)/((-22)/11). Let c be 2/3 - (222/(-18) - o). Suppose -c*j + 882 + 238 = 0. What is the hundreds digit of j?
1
Suppose 0 = -h - 7*r + 12*r - 359, -h = r + 347. Let x = -18 - h. What is the tens digit of x?
3
Suppose -2*h = 2*j + 538, -h = 3*h + 2*j + 1068. Let b = h + 513. Let w = 392 - b. What is the units digit of w?
4
Let a(l) = l**3 + 71*l**2 + 63*l - 315. What is the hundreds digit of a(-70)?
1
Let l(y) = 9*y + 184. Let d be l(-20). Suppose -4*f = 4*c - 952, 0 = -d*c + 2 + 14. What is the hundreds digit of f?
2
Let q(s) = 4*s**2 - 75*s - 7. Let v be q(19). Suppose v*m = 16*m - 2396. What is the hundreds digit of m?
5
Suppose -13*q + 3*m = -17*q + 22836, -3*q = -4*m - 17152. What is the tens digit of q?
1
Let z(q) = -449*q - 3143. What is the units digit of z(-24)?
3
Suppose 3*m = 2*x - 6*x + 15, 2*x = m + 15. Suppose 0 = -x*n + 3*n - 108. Let d = 26 - n. What is the units digit of d?
2
Let r be 6 + 2*(-2 + 1). Suppose -193 = -s + 3*p, 3*s + 13*p - 514 = 9*p. Suppose -2*c + s = 3*o, 34 + 150 = 3*o - r*c. What is the units digit of o?
0
What is the ten thousands digit of (-3 + (-6 - -125))*(100 + 0)?
1
Suppose -u - 234 = -3*i - 56, -3*u = -i + 54. Suppose -i = 3*m - 390. Suppose 8*a - m - 370 = 0. What is the tens digit of a?
6
Let i = 1263 + 121. What is the units digit of 1 + i + (-168)/24?
8
Let n be (50 - (6 + -7))*34. Suppose i = 4, -98 - n = -4*b - 2*i. What is the hundreds digit of b?
4
Suppose -5*c + 3*y = -184305, -5*c + 273*y = 269*y - 184305. What is the tens digit of c?
6
Suppose 6*g = -4*g - 70. Let p(d) = -57*d + 354. What is the units digit of p(g)?
3
What is the thousands digit of (-2 + -1 - (-8 - -28601))*36/(-27)?
8
Let q = 57 + -43. Suppose 3*c + 5 = q. Suppose 0*w - p = -c*w + 458, 5*w = 3*p + 758. What is the units digit of w?
4
Let h(r) = -18*r - 2*r - r**2 + 2 + 21 + 14 + 0*r. What is the tens digit of h(-16)?
0
Let g = -67879 - -130489. What is the ten thousands digit of g?
6
Suppose 3*p = -5*w + 27544 + 26370, 2*w + 5*p = 21577. What is the ten thousands digit of w?
1
Let j = 15685 - 8959. What is the units digit of j?
6
Let f(x) = 47 + 9*x - 330*x**2 + 329*x**2 + 8*x. What is the units digit of f(15)?
7
Let h be 14/2 - (-4 + 10 + -4). Suppose -2*o - h*u = -1033, 4*o - 5*u - 1537 = o. What is the tens digit of o?
1
Suppose 2*y + 2 = 0, x - 6*x + 2*y = -47. Let j be -1*20 + -6 + 9. Let l = x - j. What is the tens digit of l?
2
What is the units digit of 80/50 - (-75194)/10?
1
What is the tens digit of (-15)/((-315)/1184694) + -20?
9
Let n 